Suppose 4*q - 7 = 5. Suppose -q*g + 0*g - 5*f = -199, -15 = -3*f. What is the remainder when g is divided by 20?
18
Let d(t) = t + 1. Let z = 5 - 0. Let j(b) = b**3 - 4*b**2 - 4*b + 6. Calculate the remainder when j(5) is divided by d(z).
5
Suppose 0*u = u - 7. What is the remainder when 19 is divided by u?
5
Let t = 28 - 17. What is the remainder when t is divided by (36/(-48))/(6/(-32))?
3
Suppose 5*q - 3 = 7. Suppose 0 = -q*m + 1 + 11. Calculate the remainder when 11 is divided by m.
5
Let f = -12 - -7. Let l(b) = -b**3 - 5*b**2 - b + 1. Let r = 11 - -5. Calculate the remainder when r is divided by l(f).
4
Suppose 7 = -4*l + 79. Calculate the remainder when 69 is divided by l.
15
Suppose -3*p = u - 0 + 5, 5*u = 2*p - 8. Let r be 4*p*2/(-4). Suppose 2*w = 3*w - r. What is the remainder when w is divided by 1?
0
Let d(a) = a**2 - 18*a + 18. What is the remainder when d(19) is divided by 8?
5
Suppose 0 = -3*l - 4*d + 77, 3*l - l = -5*d + 49. Let q = -88 + 103. Calculate the remainder when l is divided by q.
12
Suppose -2*a - 2*m + 27 = -15, 47 = 2*a + 3*m. What is the remainder when 60 is divided by a?
12
Suppose -3*i = i - 52. Let x(k) = -k**2 + 12*k - 8. Suppose -40 = -2*w - 3*w. What is the remainder when x(w) is divided by i?
11
Let u = -6 - -32. Suppose -5*l + u - 6 = 0. Suppose -4*f = -f - 5*p - 39, -3*p + 26 = 2*f. Calculate the remainder when f is divided by l.
1
Let a(k) = k**2 + 2. Let i(m) = -4*m**2 - 6. Let l(q) = 7*a(q) + 2*i(q). Let r be l(2). What is the remainder when 19 is divided by 3 - -7*(-1 - r)?
9
Suppose -3*r + 62 = -8*r + o, 3*o - 17 = 2*r. Let m = r - -21. What is the remainder when 1 + 24 - (-6)/(-3) is divided by m?
7
Let u = 14 - 8. Suppose -u*r + 42 = -5*r. Suppose -4*c = -7*c + r. Calculate the remainder when 54 is divided by c.
12
Suppose -2*r = -7 - 73. Calculate the remainder when (-24)/r - 153/(-5) is divided by 16.
14
Let f(c) be the second derivative of -2*c**2 + 0 - 2/3*c**3 - c. What is the remainder when f(-3) is divided by 3?
2
Suppose -2*l + 5 + 1 = -2*z, -2*l + 10 = -4*z. Let u be z/2*358*-1. What is the remainder when 4/18 - u/(-9) is divided by 14?
12
Suppose 0*x - 3*x = 3*f - 36, 3*x - 37 = -4*f. Calculate the remainder when 41 is divided by x.
8
Let i(y) = y**3 - 8*y**2 + 8*y + 3. Let c be (-10*(0 - 2))/2. Calculate the remainder when 9/15 + 174/c is divided by i(7).
8
Suppose 3*t + l - 65 = 6*l, -2*l = t - 29. Calculate the remainder when t is divided by 7.
4
Let x(i) = i**2 - 2*i - 1. Suppose -2*p = 5 - 1. Calculate the remainder when 13 is divided by x(p).
6
Let v(x) = -x - 4 - 3*x**3 + 4*x**3 + 3 + 7*x + 7*x**2. Calculate the remainder when 37 is divided by v(-5).
18
Let n(x) = -x**3 - 4*x**2 + 2. Let q be n(-4). Suppose 4*i = q*i + 12. Calculate the remainder when i is divided by ((-4)/6)/((-11)/66).
2
Let t(k) = k**2 - 9*k + 8. Let d be t(7). Let w be (0 + d)*(1 - 0). Let l = 0 - w. What is the remainder when 16 is divided by l?
4
Suppose -4*r + 2 = -2*b, -5*b = -2*r - 0*r - 27. Calculate the remainder when b is divided by 4.
3
Let k be (-2)/9 - (-550)/45. Let a = k - 6. Suppose a*w - w - 25 = 0. Calculate the remainder when w is divided by 2.
1
Let z = -12 + 32. Let m(y) = -3*y**2 + 76*y - 14. Calculate the remainder when z is divided by m(25).
9
Let q = -7 + 10. Calculate the remainder when 22 + (6 - 9/q) is divided by 7.
4
Let s = -20 - -24. What is the remainder when 10 is divided by s?
2
Let y = -54 + 62. Calculate the remainder when 22 is divided by y.
6
Let o be (-2)/6*7*-3. Let w(d) be the first derivative of d**2/2 - 6*d + 1. Calculate the remainder when 1 is divided by w(o).
0
Let v(c) = -c**2 - 9*c + 5. Let s be v(-10). What is the remainder when 77 is divided by (s/(-4))/((-10)/(-160))?
17
Let r(f) = 4*f**2 + 3*f - 3. Calculate the remainder when 74 is divided by r(2).
17
Suppose 5*q = 16 + 24. Let k = q + 21. Suppose -2*j + 2*n + 47 = j, -4*n + 71 = 5*j. Calculate the remainder when k is divided by j.
14
Let h = -30 + 31. Calculate the remainder when 1 is divided by h.
0
Suppose -3 = -2*i + 3*t, -i + 5*t = 15 + 1. What is the remainder when (-1)/(33/17 - 2) is divided by i?
8
Let s(d) = d**2 - 7*d + 4. Let v be s(7). Suppose c = -v*o - 80, -2*o - 52 = -4*c + 6. Calculate the remainder when 23 is divided by (-8)/(-28) + (-267)/o.
10
Suppose 5*z - 84 = 51. What is the remainder when 105 is divided by z?
24
Let i = -6 - -7. Let g = 4 - i. What is the remainder when 8 is divided by g?
2
Let g = 58 - 35. Suppose 0 = 3*c + 2*k - g, -3*c + 4*k = -0*k + 1. Suppose -l + 2*f + 8 = -c, 4*f - 25 = -l. Calculate the remainder when l is divided by 9.
8
Let s(r) = 2*r**2 - 4*r + 1. Let b be (4 - -2) + -1*3. Calculate the remainder when s(b) is divided by 3.
1
Suppose -k - 3*i = k - 73, 5*k = -2*i + 210. What is the remainder when k is divided by 15?
14
Suppose 0 = -4*u - 4*d + 28, -6*d + 10 = -4*d. Let v = 21 + -12. Calculate the remainder when 43 is divided by (-137)/(-9) - u/v.
13
Let g(v) = v**2 + 4*v - 10. What is the remainder when (-4)/(-2)*10/1 is divided by g(-7)?
9
Let t = 131 - 43. Calculate the remainder when t is divided by 13.
10
Let r = -12 - -41. What is the remainder when r is divided by (-98)/(-10) - (-1)/5?
9
Let g(k) be the first derivative of -k**2/2 + 10*k + 2. What is the remainder when (-2 + 9/6)*-14 is divided by g(7)?
1
Let j(x) = -12*x - 12. Let v(d) = -d - 1. Let y(t) = j(t) - 16*v(t). Let s be y(-4). What is the remainder when (-978)/s + (-2)/(-4) is divided by 28?
26
Suppose -37 = -3*z + 11. Let c(q) = 3*q - 4. Let x be c(3). Suppose 2*p - 88 = -4*f, 2*p - 77 - 10 = -x*f. What is the remainder when p is divided by z?
14
Let p(i) = 22*i**2 - 7*i + 4. Let y be p(4). Suppose 27*c = 28*c + 2. What is the remainder when (c/(-4))/(4/y) is divided by 14?
13
Suppose -2*q = 2*s - 10, -3*q - 2*q + 41 = -3*s. Suppose -3*u = -q*u + 24. Calculate the remainder when 39 is divided by (-110)/(-8) - u/(-24).
11
Suppose 385*r - 64 = 384*r. Let s(v) = 4*v - 2. Calculate the remainder when r is divided by s(6).
20
Let g(v) = 6*v - 10. Calculate the remainder when g(8) is divided by 13.
12
Suppose -f + 5*c + 31 = 0, 2*f + 1 = 3*f + c. What is the remainder when 16 is divided by f?
4
Suppose 7*w = 419 + 197. Calculate the remainder when w is divided by 18.
16
Let h be (2 - 1) + (-3 - 1). Suppose 3*n - b - 25 + 8 = 0, 0 = n - 3*b - 19. What is the remainder when 62 is divided by h/12 - (-85)/n?
20
Let x(m) = m**3 - 7*m**2 - 8*m + 3. What is the remainder when 9 is divided by x(8)?
0
Suppose -4*h + 3*a - 7*a + 104 = 0, -h = -5*a - 26. Calculate the remainder when 75 is divided by h.
23
Let y be 0/(2/(-2) + -1). Let h(x) = x**3 + x**2 + x + 1. What is the remainder when h(y) is divided by 6/10 - (-2)/5?
0
Let h(z) = -z**2 + 11*z - 12. Suppose -4*p = -2*p - 18. Let n be h(p). What is the remainder when 35 is divided by (3 - (1 + -1))*n?
17
Suppose -s - 7 - 13 = 0. Let d be (-1192)/24 - 2/6. Let r = s - d. Calculate the remainder when r is divided by 16.
14
Let z(j) = 0*j**3 - 2*j**2 + 0*j**3 - j**3 - j. Let u be z(-2). Suppose 50 = u*t + 3*t. Calculate the remainder when t is divided by 6.
4
Let b be 6 + -4 - (1 + -2). Suppose -2*u + 1 = -b. Suppose 5*h + 0*h = 15, 0 = 4*j + u*h - 18. What is the remainder when 8 is divided by j?
2
Suppose -4*b = 3*y - 316 - 181, 5*b + 2*y - 616 = 0. What is the remainder when b is divided by 25?
22
Let f = 24 - 17. Suppose -107 = -5*b + 23. What is the remainder when b is divided by f?
5
Let y(o) = 2*o**3 - 3*o**3 + 6*o**2 - 4*o + 5*o**2 - 8. What is the remainder when y(10) is divided by 18?
16
Suppose -27 = -3*y + 15. Suppose 3*r + 8 = 2. What is the remainder when (3/(-9))/(r/156) is divided by y?
12
Suppose b - 35 = -0*b. Let v(g) = -6*g**3 - 3*g**2 + g + 2. Let z be v(-2). Let s = z + -24. What is the remainder when b is divided by s?
11
Let u(v) = 5*v**2 - 7*v - 2. Let k be u(-7). Suppose -5*y - 47 = -k. What is the remainder when y is divided by 13?
10
Let n = -24 - -58. What is the remainder when 66 is divided by n?
32
Let a be 1/(-2) - (-18)/4. Suppose -r = -a*r. Suppose -q + 23 = 4*q - 3*v, 2*q - 4*v - 12 = r. What is the remainder when q is divided by 2?
0
Suppose -2*f = -6*f + 12. Suppose 0*z + l = 5*z - 15, 15 = f*l. Suppose z*v + 70 = 6*v